{"id":195,"date":"2025-07-05T18:52:23","date_gmt":"2025-07-05T16:52:23","guid":{"rendered":"https:\/\/www.laboutiquefantastik.com\/?page_id=195"},"modified":"2025-10-28T18:49:38","modified_gmt":"2025-10-28T17:49:38","slug":"actus","status":"publish","type":"page","link":"https:\/\/www.laboutiquefantastik.com\/index.php\/actus\/","title":{"rendered":"Actus"},"content":{"rendered":"\n<div class=\"wp-block-group alignfull is-layout-constrained wp-block-group-is-layout-constrained\" style=\"padding-top:var(--wp--custom--spacing--small, 1.25rem);padding-bottom:var(--wp--custom--spacing--small, 1.25rem)\">\n<div class=\"wp-block-group alignwide is-content-justification-space-between is-layout-flex wp-container-core-group-is-layout-d0375a47 wp-block-group-is-layout-flex\" style=\"padding-top:0px;padding-right:0px;padding-bottom:2rem;padding-left:0px\">\n<div class=\"wp-block-group is-layout-flex wp-block-group-is-layout-flex\"><div class=\"wp-block-site-logo\"><a href=\"https:\/\/www.laboutiquefantastik.com\/\" class=\"custom-logo-link\" rel=\"home\"><img loading=\"lazy\" decoding=\"async\" width=\"64\" height=\"64\" src=\"https:\/\/www.laboutiquefantastik.com\/wp-content\/uploads\/2025\/06\/Stickers-Ronds2.png\" class=\"custom-logo\" alt=\"La Boutique FantastiK\" srcset=\"https:\/\/www.laboutiquefantastik.com\/wp-content\/uploads\/2025\/06\/Stickers-Ronds2.png 1181w, https:\/\/www.laboutiquefantastik.com\/wp-content\/uploads\/2025\/06\/Stickers-Ronds2-300x300.png 300w, https:\/\/www.laboutiquefantastik.com\/wp-content\/uploads\/2025\/06\/Stickers-Ronds2-1024x1024.png 1024w, https:\/\/www.laboutiquefantastik.com\/wp-content\/uploads\/2025\/06\/Stickers-Ronds2-150x150.png 150w, https:\/\/www.laboutiquefantastik.com\/wp-content\/uploads\/2025\/06\/Stickers-Ronds2-768x768.png 768w\" sizes=\"auto, (max-width: 64px) 100vw, 64px\" \/><\/a><\/div><\/div>\n\n\n<nav class=\"is-responsive items-justified-right wp-block-navigation is-content-justification-right is-layout-flex wp-container-core-navigation-is-layout-f665d2b5 wp-block-navigation-is-layout-flex\" \n\t\t data-wp-interactive=\"core\/navigation\" data-wp-context='{\"overlayOpenedBy\":{\"click\":false,\"hover\":false,\"focus\":false},\"type\":\"overlay\",\"roleAttribute\":\"\",\"ariaLabel\":\"Menu\"}'><button aria-haspopup=\"dialog\" aria-label=\"Ouvrir le menu\" class=\"wp-block-navigation__responsive-container-open\" \n\t\t\t\tdata-wp-on--click=\"actions.openMenuOnClick\"\n\t\t\t\tdata-wp-on--keydown=\"actions.handleMenuKeydown\"\n\t\t\t><svg width=\"24\" height=\"24\" xmlns=\"http:\/\/www.w3.org\/2000\/svg\" viewBox=\"0 0 24 24\" aria-hidden=\"true\" focusable=\"false\"><path d=\"M4 7.5h16v1.5H4z\"><\/path><path d=\"M4 15h16v1.5H4z\"><\/path><\/svg><\/button>\n\t\t\t\t<div class=\"wp-block-navigation__responsive-container\"  id=\"modal-1\" \n\t\t\t\tdata-wp-class--has-modal-open=\"state.isMenuOpen\"\n\t\t\t\tdata-wp-class--is-menu-open=\"state.isMenuOpen\"\n\t\t\t\tdata-wp-watch=\"callbacks.initMenu\"\n\t\t\t\tdata-wp-on--keydown=\"actions.handleMenuKeydown\"\n\t\t\t\tdata-wp-on--focusout=\"actions.handleMenuFocusout\"\n\t\t\t\ttabindex=\"-1\"\n\t\t\t>\n\t\t\t\t\t<div class=\"wp-block-navigation__responsive-close\" tabindex=\"-1\">\n\t\t\t\t\t\t<div class=\"wp-block-navigation__responsive-dialog\" \n\t\t\t\tdata-wp-bind--aria-modal=\"state.ariaModal\"\n\t\t\t\tdata-wp-bind--aria-label=\"state.ariaLabel\"\n\t\t\t\tdata-wp-bind--role=\"state.roleAttribute\"\n\t\t\t>\n\t\t\t\t\t\t\t<button aria-label=\"Fermer le menu\" class=\"wp-block-navigation__responsive-container-close\" \n\t\t\t\tdata-wp-on--click=\"actions.closeMenuOnClick\"\n\t\t\t><svg xmlns=\"http:\/\/www.w3.org\/2000\/svg\" viewBox=\"0 0 24 24\" width=\"24\" height=\"24\" aria-hidden=\"true\" focusable=\"false\"><path d=\"m13.06 12 6.47-6.47-1.06-1.06L12 10.94 5.53 4.47 4.47 5.53 10.94 12l-6.47 6.47 1.06 1.06L12 13.06l6.47 6.47 1.06-1.06L13.06 12Z\"><\/path><\/svg><\/button>\n\t\t\t\t\t\t\t<div class=\"wp-block-navigation__responsive-container-content\" \n\t\t\t\tdata-wp-watch=\"callbacks.focusFirstElement\"\n\t\t\t id=\"modal-1-content\">\n\t\t\t\t\t\t\t\t<ul class=\"wp-block-navigation__container is-responsive items-justified-right wp-block-navigation\"><ul class=\"wp-block-page-list\"><li class=\"wp-block-pages-list__item wp-block-navigation-item open-on-hover-click menu-item-home\"><a class=\"wp-block-pages-list__item__link wp-block-navigation-item__content\" href=\"https:\/\/www.laboutiquefantastik.com\/\">ACCUEIL<\/a><\/li><li class=\"wp-block-pages-list__item wp-block-navigation-item open-on-hover-click\"><a class=\"wp-block-pages-list__item__link wp-block-navigation-item__content\" href=\"https:\/\/www.laboutiquefantastik.com\/index.php\/actus\/\">Actus<\/a><\/li><li class=\"wp-block-pages-list__item wp-block-navigation-item open-on-hover-click\"><a class=\"wp-block-pages-list__item__link wp-block-navigation-item__content\" href=\"https:\/\/www.laboutiquefantastik.com\/index.php\/contact\/\">CONTACT<\/a><\/li><li class=\"wp-block-pages-list__item wp-block-navigation-item open-on-hover-click\"><a class=\"wp-block-pages-list__item__link wp-block-navigation-item__content\" href=\"https:\/\/www.laboutiquefantastik.com\/index.php\/la-boutique-de-jeux\/\">La Boutique<\/a><\/li><li class=\"wp-block-pages-list__item wp-block-navigation-item open-on-hover-click\"><a class=\"wp-block-pages-list__item__link wp-block-navigation-item__content\" href=\"https:\/\/www.laboutiquefantastik.com\/index.php\/le-cafe-ludique\/\">Le Salon Ludique<\/a><\/li><li data-wp-context=\"{ &quot;submenuOpenedBy&quot;: { &quot;click&quot;: false, &quot;hover&quot;: false, &quot;focus&quot;: false }, &quot;type&quot;: &quot;submenu&quot;, &quot;modal&quot;: null, &quot;previousFocus&quot;: null }\" data-wp-interactive=\"core\/navigation\" data-wp-on--focusout=\"actions.handleMenuFocusout\" data-wp-on--keydown=\"actions.handleMenuKeydown\" data-wp-on--mouseenter=\"actions.openMenuOnHover\" data-wp-on--mouseleave=\"actions.closeMenuOnHover\" data-wp-watch=\"callbacks.initMenu\" tabindex=\"-1\" class=\"wp-block-pages-list__item has-child wp-block-navigation-item open-on-hover-click\"><a class=\"wp-block-pages-list__item__link wp-block-navigation-item__content\" href=\"https:\/\/www.laboutiquefantastik.com\/index.php\/les-animations\/\">Les Animations<\/a><button data-wp-bind--aria-expanded=\"state.isMenuOpen\" data-wp-on--click=\"actions.toggleMenuOnClick\" aria-label=\"Sous-menu Les Animations\" class=\"wp-block-navigation__submenu-icon wp-block-navigation-submenu__toggle\" ><svg xmlns=\"http:\/\/www.w3.org\/2000\/svg\" width=\"12\" height=\"12\" viewBox=\"0 0 12 12\" fill=\"none\" aria-hidden=\"true\" focusable=\"false\"><path d=\"M1.50002 4L6.00002 8L10.5 4\" stroke-width=\"1.5\"><\/path><\/svg><\/button><ul data-wp-on--focus=\"actions.openMenuOnFocus\" class=\"wp-block-navigation__submenu-container\"><li class=\"wp-block-pages-list__item wp-block-navigation-item open-on-hover-click \"><a class=\"wp-block-pages-list__item__link wp-block-navigation-item__content\" href=\"https:\/\/www.laboutiquefantastik.com\/index.php\/les-animations\/offre-pros-assos\/\">Pros &amp; Assos<\/a><\/li><\/ul><\/li><li class=\"wp-block-pages-list__item wp-block-navigation-item open-on-hover-click\"><a class=\"wp-block-pages-list__item__link wp-block-navigation-item__content\" href=\"https:\/\/www.laboutiquefantastik.com\/index.php\/newsletter\/\">Newsletter<\/a><\/li><\/ul><\/ul>\n\t\t\t\t\t\t\t<\/div>\n\t\t\t\t\t\t<\/div>\n\t\t\t\t\t<\/div>\n\t\t\t\t<\/div><\/nav><\/div>\n\n\n\n<div style=\"height:64px\" aria-hidden=\"true\" class=\"wp-block-spacer\"><\/div>\n\n\n\n<div class=\"wp-block-columns alignwide has-foreground-color has-text-color has-link-color wp-elements-d68e6c280122e379f0106b8a9dfac0ff is-layout-flex wp-container-core-columns-is-layout-36e9ec45 wp-block-columns-is-layout-flex\" style=\"margin-top:0px;margin-bottom:0px\">\n<div class=\"wp-block-column is-layout-flow wp-block-column-is-layout-flow\" style=\"padding-bottom:6rem;flex-basis:66.66%\">\n<div class=\"wp-block-query is-layout-constrained wp-block-query-is-layout-constrained\"><ul class=\"wp-block-post-template is-layout-flow wp-block-post-template-is-layout-flow\"><li class=\"wp-block-post post-611 post type-post status-publish format-standard hentry category-animation\">\n<h2 style=\"font-style:normal;font-weight:300; margin-top:0;margin-bottom:1rem;\" class=\"has-link-color wp-elements-ca0e3206acf89496b7d254a0d0fee51d wp-block-post-title has-text-color has-foreground-color has-var-wp-custom-typography-font-size-huge-clamp-2-25-rem-4-vw-2-75-rem-font-size\"><a href=\"https:\/\/www.laboutiquefantastik.com\/index.php\/2026\/04\/13\/k-pop-demon-hunter\/\" target=\"_self\" >\u00ab\u00a0K-Pop Demon Hunter\u00a0\u00bb<\/a><\/h2>\n\n\n\n<div class=\"wp-block-post-excerpt\"><p class=\"wp-block-post-excerpt__excerpt\">L&rsquo;autre instant m\u00e9morable de la semaine derni\u00e8re s&rsquo;est d\u00e9roul\u00e9 samedi apr\u00e8s-midi o\u00f9 Lysie a d\u00e9cid\u00e9 d&rsquo;inviter 6 copain copines pour une aventure dans le monde de KPop demon Hunters. Il-Elles ont incarn\u00e9 des membres du groupe Harmonix, avec chacun-e un pouvoir qui leur a permis de renforcer le Honmoon, barri\u00e8re magique qui prot\u00e8ge le monde\u2026 <\/p><\/div>\n\n\n<div class=\"wp-block-group is-layout-flex wp-block-group-is-layout-flex\"><div style=\"font-style:normal;font-weight:400;\" class=\"wp-block-post-date has-small-font-size\"><time datetime=\"2026-04-13T08:54:00+02:00\">avril 13, 2026<\/time><\/div>\n\n<div class=\"taxonomy-category wp-block-post-terms has-small-font-size\"><a href=\"https:\/\/www.laboutiquefantastik.com\/index.php\/category\/animation\/\" rel=\"tag\">Animations en boutique<\/a><\/div>\n\n<\/div>\n\n\n\n<div style=\"height:64px\" aria-hidden=\"true\" class=\"wp-block-spacer\"><\/div>\n\n<\/li><li class=\"wp-block-post post-607 post type-post status-publish format-standard hentry category-non-classe\">\n<h2 style=\"font-style:normal;font-weight:300; margin-top:0;margin-bottom:1rem;\" class=\"has-link-color wp-elements-ca0e3206acf89496b7d254a0d0fee51d wp-block-post-title has-text-color has-foreground-color has-var-wp-custom-typography-font-size-huge-clamp-2-25-rem-4-vw-2-75-rem-font-size\"><a href=\"https:\/\/www.laboutiquefantastik.com\/index.php\/2026\/04\/12\/coups-bas-et-plus-encore\/\" target=\"_self\" >\u00ab\u00a0Coups Bas\u00a0\u00bb et plus encore&#8230;<\/a><\/h2>\n\n\n\n<div class=\"wp-block-post-excerpt\"><p class=\"wp-block-post-excerpt__excerpt\">Comme le site va \u00eatre remani\u00e9 tr\u00e8s prochainement, j&rsquo;en profite pour reprendre les r\u00e9cits de nos aventures partag\u00e9es. Commen\u00e7ons par vendredi soir dernier o\u00f9 3 bin\u00f4mes sont venus s&rsquo;affronter dans un jeu de r\u00f4les comp\u00e9titif dans un univers de dark fantasy : \u00ab\u00a0Coups bas\u00a0\u00bb. D\u00e8s le d\u00e9but, le Baron de La Feuill\u00e9e, ma\u00eetre de jeu\u2026 <\/p><\/div>\n\n\n<div class=\"wp-block-group is-layout-flex wp-block-group-is-layout-flex\"><div style=\"font-style:normal;font-weight:400;\" class=\"wp-block-post-date has-small-font-size\"><time datetime=\"2026-04-12T13:21:19+02:00\">avril 12, 2026<\/time><\/div>\n\n<div class=\"taxonomy-category wp-block-post-terms has-small-font-size\"><a href=\"https:\/\/www.laboutiquefantastik.com\/index.php\/category\/non-classe\/\" rel=\"tag\">Non class\u00e9<\/a><\/div>\n\n<\/div>\n\n\n\n<div style=\"height:64px\" aria-hidden=\"true\" class=\"wp-block-spacer\"><\/div>\n\n<\/li><li class=\"wp-block-post post-603 post type-post status-publish format-standard hentry category-animation\">\n<h2 style=\"font-style:normal;font-weight:300; margin-top:0;margin-bottom:1rem;\" class=\"has-link-color wp-elements-ca0e3206acf89496b7d254a0d0fee51d wp-block-post-title has-text-color has-foreground-color has-var-wp-custom-typography-font-size-huge-clamp-2-25-rem-4-vw-2-75-rem-font-size\"><a href=\"https:\/\/www.laboutiquefantastik.com\/index.php\/2026\/03\/21\/25-avril-initiation-lorcana\/\" target=\"_self\" >25 Avril &#8211; Initiation Lorcana<\/a><\/h2>\n\n\n\n<div class=\"wp-block-post-excerpt\"><p class=\"wp-block-post-excerpt__excerpt\"> <\/p><\/div>\n\n\n<div class=\"wp-block-group is-layout-flex wp-block-group-is-layout-flex\"><div style=\"font-style:normal;font-weight:400;\" class=\"wp-block-post-date has-small-font-size\"><time datetime=\"2026-03-21T15:09:36+01:00\">mars 21, 2026<\/time><\/div>\n\n<div class=\"taxonomy-category wp-block-post-terms has-small-font-size\"><a href=\"https:\/\/www.laboutiquefantastik.com\/index.php\/category\/animation\/\" rel=\"tag\">Animations en boutique<\/a><\/div>\n\n<\/div>\n\n\n\n<div style=\"height:64px\" aria-hidden=\"true\" class=\"wp-block-spacer\"><\/div>\n\n<\/li><li class=\"wp-block-post post-597 post type-post status-publish format-standard hentry category-animation\">\n<h2 style=\"font-style:normal;font-weight:300; margin-top:0;margin-bottom:1rem;\" class=\"has-link-color wp-elements-ca0e3206acf89496b7d254a0d0fee51d wp-block-post-title has-text-color has-foreground-color has-var-wp-custom-typography-font-size-huge-clamp-2-25-rem-4-vw-2-75-rem-font-size\"><a href=\"https:\/\/www.laboutiquefantastik.com\/index.php\/2026\/03\/21\/19-avril-magic-ap-strixhaven\/\" target=\"_self\" >19 Avril &#8211; Magic AP Strixhaven<\/a><\/h2>\n\n\n\n<div class=\"wp-block-post-excerpt\"><p class=\"wp-block-post-excerpt__excerpt\"> <\/p><\/div>\n\n\n<div class=\"wp-block-group is-layout-flex wp-block-group-is-layout-flex\"><div style=\"font-style:normal;font-weight:400;\" class=\"wp-block-post-date has-small-font-size\"><time datetime=\"2026-03-21T15:08:14+01:00\">mars 21, 2026<\/time><\/div>\n\n<div class=\"taxonomy-category wp-block-post-terms has-small-font-size\"><a href=\"https:\/\/www.laboutiquefantastik.com\/index.php\/category\/animation\/\" rel=\"tag\">Animations en boutique<\/a><\/div>\n\n<\/div>\n\n\n\n<div style=\"height:64px\" aria-hidden=\"true\" class=\"wp-block-spacer\"><\/div>\n\n<\/li><li class=\"wp-block-post post-591 post type-post status-publish format-standard hentry category-animation\">\n<h2 style=\"font-style:normal;font-weight:300; margin-top:0;margin-bottom:1rem;\" class=\"has-link-color wp-elements-ca0e3206acf89496b7d254a0d0fee51d wp-block-post-title has-text-color has-foreground-color has-var-wp-custom-typography-font-size-huge-clamp-2-25-rem-4-vw-2-75-rem-font-size\"><a href=\"https:\/\/www.laboutiquefantastik.com\/index.php\/2026\/03\/21\/10-avril-jeu-de-roles-coups-bas\/\" target=\"_self\" >10 Avril &#8211; Jeu de R\u00f4les \u00ab\u00a0Coups Bas\u00a0\u00bb<\/a><\/h2>\n\n\n\n<div class=\"wp-block-post-excerpt\"><p class=\"wp-block-post-excerpt__excerpt\"> <\/p><\/div>\n\n\n<div class=\"wp-block-group is-layout-flex wp-block-group-is-layout-flex\"><div style=\"font-style:normal;font-weight:400;\" class=\"wp-block-post-date has-small-font-size\"><time datetime=\"2026-03-21T15:05:40+01:00\">mars 21, 2026<\/time><\/div>\n\n<div class=\"taxonomy-category wp-block-post-terms has-small-font-size\"><a href=\"https:\/\/www.laboutiquefantastik.com\/index.php\/category\/animation\/\" rel=\"tag\">Animations en boutique<\/a><\/div>\n\n<\/div>\n\n\n\n<div style=\"height:64px\" aria-hidden=\"true\" class=\"wp-block-spacer\"><\/div>\n\n<\/li><\/ul>\n\n<nav class=\"alignwide wp-block-query-pagination is-content-justification-space-between is-layout-flex wp-container-core-query-pagination-is-layout-b2891da8 wp-block-query-pagination-is-layout-flex\" aria-label=\"Pagination\">\n\n\n<div class=\"wp-block-query-pagination-numbers\"><span aria-current=\"page\" class=\"page-numbers current\">1<\/span>\n<a class=\"page-numbers\" href=\"?query-9-page=2\">2<\/a>\n<a class=\"page-numbers\" href=\"?query-9-page=3\">3<\/a>\n<span class=\"page-numbers dots\">\u2026<\/span>\n<a class=\"page-numbers\" href=\"?query-9-page=9\">9<\/a><\/div>\n\n<a href=\"\/index.php\/wp-json\/wp\/v2\/pages\/195?query-9-page=2\" class=\"wp-block-query-pagination-next has-small-font-size\">Page suivante<span class='wp-block-query-pagination-next-arrow is-arrow-arrow' aria-hidden='true'>\u2192<\/span><\/a>\n<\/nav><\/div>\n<\/div>\n\n\n\n<div class=\"wp-block-column is-layout-flow wp-block-column-is-layout-flow\" style=\"flex-basis:33.33%\">\n<figure class=\"wp-block-image size-large\"><img loading=\"lazy\" decoding=\"async\" width=\"1024\" height=\"1024\" src=\"https:\/\/www.laboutiquefantastik.com\/wp-content\/uploads\/2025\/06\/Stickers-Ronds2-1024x1024.png\" alt=\"\" class=\"wp-image-11\" srcset=\"https:\/\/www.laboutiquefantastik.com\/wp-content\/uploads\/2025\/06\/Stickers-Ronds2-1024x1024.png 1024w, https:\/\/www.laboutiquefantastik.com\/wp-content\/uploads\/2025\/06\/Stickers-Ronds2-300x300.png 300w, https:\/\/www.laboutiquefantastik.com\/wp-content\/uploads\/2025\/06\/Stickers-Ronds2-150x150.png 150w, https:\/\/www.laboutiquefantastik.com\/wp-content\/uploads\/2025\/06\/Stickers-Ronds2-768x768.png 768w, https:\/\/www.laboutiquefantastik.com\/wp-content\/uploads\/2025\/06\/Stickers-Ronds2.png 1181w\" sizes=\"auto, (max-width: 1024px) 100vw, 1024px\" \/><\/figure>\n\n\n\n<div style=\"height:4px\" aria-hidden=\"true\" class=\"wp-block-spacer\"><\/div>\n\n\n<h1 style=\"font-style:normal;font-weight:300;line-height:1.2;\" class=\"wp-block-site-title has-large-font-size has-source-serif-pro-font-family\">La Boutique FantastiK<\/h1>\n\n<p class=\"wp-block-site-tagline\">&#8211; Boutique de Jeux et Caf\u00e9 Ludique \u00e0 Nort-sur-Erdre (44) &#8211;<\/p>\n\n\n<div style=\"height:16px\" aria-hidden=\"true\" class=\"wp-block-spacer\"><\/div>\n\n\n\n<h4 class=\"wp-block-heading has-large-font-size\"><em>Cat\u00e9gories<\/em><\/h4>\n\n\n<p class=\"wp-block-tag-cloud\"><a href=\"https:\/\/www.laboutiquefantastik.com\/index.php\/category\/actualites-boutique\/\" class=\"tag-cloud-link tag-link-13 tag-link-position-1\" style=\"font-size: 17.333333333333pt;\" aria-label=\"Actualit\u00e9s de la boutique (14 \u00e9l\u00e9ments)\">Actualit\u00e9s de la boutique<span class=\"tag-link-count\"> (14)<\/span><\/a>\n<a href=\"https:\/\/www.laboutiquefantastik.com\/index.php\/category\/animation\/\" class=\"tag-cloud-link tag-link-9 tag-link-position-2\" style=\"font-size: 22pt;\" aria-label=\"Animations en boutique (33 \u00e9l\u00e9ments)\">Animations en boutique<span class=\"tag-link-count\"> (33)<\/span><\/a>\n<a href=\"https:\/\/www.laboutiquefantastik.com\/index.php\/category\/coup-coeur\/\" class=\"tag-cloud-link tag-link-12 tag-link-position-3\" style=\"font-size: 9.6pt;\" aria-label=\"Coups de coeur (3 \u00e9l\u00e9ments)\">Coups de coeur<span class=\"tag-link-count\"> (3)<\/span><\/a>\n<a href=\"https:\/\/www.laboutiquefantastik.com\/index.php\/category\/non-classe\/\" class=\"tag-cloud-link tag-link-1 tag-link-position-4\" style=\"font-size: 8pt;\" aria-label=\"Non class\u00e9 (2 \u00e9l\u00e9ments)\">Non class\u00e9<span class=\"tag-link-count\"> (2)<\/span><\/a>\n<a href=\"https:\/\/www.laboutiquefantastik.com\/index.php\/category\/nouveautes\/\" class=\"tag-cloud-link tag-link-11 tag-link-position-5\" style=\"font-size: 10.933333333333pt;\" aria-label=\"Nouveaut\u00e9s (4 \u00e9l\u00e9ments)\">Nouveaut\u00e9s<span class=\"tag-link-count\"> (4)<\/span><\/a>\n<a href=\"https:\/\/www.laboutiquefantastik.com\/index.php\/category\/animation\/tournoi-mystere\/\" class=\"tag-cloud-link tag-link-10 tag-link-position-6\" style=\"font-size: 12pt;\" aria-label=\"Tournoi Myst\u00e8re (5 \u00e9l\u00e9ments)\">Tournoi Myst\u00e8re<span class=\"tag-link-count\"> (5)<\/span><\/a><\/p>\n\n\n<div class=\"wp-block-buttons is-content-justification-center is-layout-flex wp-container-core-buttons-is-layout-a89b3969 wp-block-buttons-is-layout-flex\">\n<div class=\"wp-block-button\"><a class=\"wp-block-button__link has-text-align-center wp-element-button\" href=\"mailto:laboutiquefantastik@gmail.com\">Nous contacter<\/a><\/div>\n<\/div>\n<\/div>\n<\/div>\n<\/div>\n","protected":false},"excerpt":{"rendered":"<p>Cat\u00e9gories<\/p>\n","protected":false},"author":1,"featured_media":0,"parent":0,"menu_order":0,"comment_status":"closed","ping_status":"closed","template":"","meta":{"footnotes":""},"class_list":["post-195","page","type-page","status-publish","hentry"],"_links":{"self":[{"href":"https:\/\/www.laboutiquefantastik.com\/index.php\/wp-json\/wp\/v2\/pages\/195","targetHints":{"allow":["GET"]}}],"collection":[{"href":"https:\/\/www.laboutiquefantastik.com\/index.php\/wp-json\/wp\/v2\/pages"}],"about":[{"href":"https:\/\/www.laboutiquefantastik.com\/index.php\/wp-json\/wp\/v2\/types\/page"}],"author":[{"embeddable":true,"href":"https:\/\/www.laboutiquefantastik.com\/index.php\/wp-json\/wp\/v2\/users\/1"}],"replies":[{"embeddable":true,"href":"https:\/\/www.laboutiquefantastik.com\/index.php\/wp-json\/wp\/v2\/comments?post=195"}],"version-history":[{"count":4,"href":"https:\/\/www.laboutiquefantastik.com\/index.php\/wp-json\/wp\/v2\/pages\/195\/revisions"}],"predecessor-version":[{"id":200,"href":"https:\/\/www.laboutiquefantastik.com\/index.php\/wp-json\/wp\/v2\/pages\/195\/revisions\/200"}],"wp:attachment":[{"href":"https:\/\/www.laboutiquefantastik.com\/index.php\/wp-json\/wp\/v2\/media?parent=195"}],"curies":[{"name":"wp","href":"https:\/\/api.w.org\/{rel}","templated":true}]}}